{"id":39,"date":"2016-04-03T14:37:40","date_gmt":"2016-04-03T12:37:40","guid":{"rendered":"http:\/\/www.was-will-ich.at\/?page_id=39"},"modified":"2023-01-19T07:31:40","modified_gmt":"2023-01-19T06:31:40","slug":"entscheidungsfindung","status":"publish","type":"page","link":"https:\/\/www.was-will-ich.at\/?page_id=39","title":{"rendered":"Coaching to go und Empathieraum"},"content":{"rendered":"<h4><span style=\"color: #800000; font-family: Helvetica;\">Sei du selbst. Alle anderen sind schon vergeben.<\/span><\/h4>\n<h5 style=\"padding-left: 450px;\"><span style=\"color: #800000; font-family: Helvetica;\"><em>Oscar Wilde<\/em><\/span><\/h5>\n<table width=\"400\">\n<tbody>\n<tr>\n<th>\n<h4><\/h4>\n<h4 style=\"text-align: left;\"><span style=\"font-family: Helvetica; font-size: 14pt;\">JA oder NEIN?<\/span><br \/>\n<span style=\"font-family: Helvetica; font-size: 14pt;\"> Soll ich oder soll ich nicht?<\/span><br \/>\n<span style=\"font-family: Helvetica; font-size: 14pt;\"> Ich habe die Wahl zwischen zwei oder mehreren M\u00f6glichkeiten und kann mich nicht entscheiden!<\/span><span style=\"color: #000000; font-family: Helvetica;\"><strong>\u00a0<\/strong><\/span><\/h4>\n<\/th>\n<th><img loading=\"lazy\" decoding=\"async\" class=\"size-medium wp-image-325 alignright\" src=\"http:\/\/www.was-will-ich.at\/wp-content\/uploads\/2018\/03\/Entscheidungsfindung-300x225.jpg\" alt=\"\" width=\"250\" height=\"225\" \/><\/th>\n<\/tr>\n<\/tbody>\n<\/table>\n<p><span style=\"color: #000000; font-family: Helvetica; font-size: 12pt;\">Wir f\u00e4llen immer wieder Entscheidungen und teilweise ist das nicht leicht. Manchmal sind es die kleinen, allt\u00e4glichen Entscheidungen, die uns schwer fallen, manchmal sind es gro\u00dfe Entscheidungen mit Konsequenzen, die sehr weitreichend sind.<\/span><\/p>\n<p><span style=\"color: #000000; font-family: Helvetica; font-size: 12pt;\">Sie erhalten Unterst\u00fctzung bei der Kl\u00e4rung und L\u00f6sung Ihres Anliegens durch Anwendung von Fragestellungen aus dem systemischen und p\u00e4dagogischen Coaching.<\/span><\/p>\n<p><span style=\"font-family: Helvetica;\">Vielen Menschen f\u00e4llt es leichter, im <span style=\"font-size: 12pt;\">GEHEN<\/span> zu reden, daher gibt es das Angebot, die Beratung im Rahmen einer Wanderung, eines Spazierganges zu machen.<\/span><\/p>\n<p><span style=\"font-size: 14pt;\"><strong><span style=\"font-family: Helvetica;\">Empathieraum<\/span><\/strong><\/span><\/p>\n<p><span style=\"font-family: Helvetica;\">Sie m\u00f6chten, dass Ihnen jemand einfach einmal wirklich aktiv und empathisch zuh\u00f6rt?\u00a0<\/span><\/p>\n<p><span style=\"font-family: Helvetica;\">Das empathische Zuh\u00f6ren unterst\u00fctzt uns dabei, zu erkennen, wo der Kern des Problem liegt. Wenn wir selber verstehen, worum es uns eigentlich geht, ist auch unser Gegen\u00fcber eher bereit, die Verbindung aufrecht zu erhalten.<\/span><\/p>\n<p><strong><span style=\"font-family: Helvetica;\">Auch dies ist im Rahmen eines Spaziergangs m\u00f6glich!<\/span><\/strong><\/p>\n","protected":false},"excerpt":{"rendered":"<p>Sei du selbst. Alle anderen sind schon vergeben. Oscar Wilde JA oder NEIN? Soll ich oder soll ich nicht? Ich habe die Wahl zwischen zwei oder mehreren M\u00f6glichkeiten und kann mich nicht entscheiden!\u00a0 Wir f\u00e4llen immer wieder Entscheidungen und teilweise ist das nicht leicht. Manchmal sind es die kleinen, allt\u00e4glichen Entscheidungen, die uns schwer fallen, [&hellip;]<\/p>\n","protected":false},"author":1,"featured_media":0,"parent":0,"menu_order":0,"comment_status":"closed","ping_status":"closed","template":"","meta":{"footnotes":""},"class_list":["post-39","page","type-page","status-publish","hentry"],"wppr_data":{"cwp_meta_box_check":"No"},"_links":{"self":[{"href":"https:\/\/www.was-will-ich.at\/index.php?rest_route=\/wp\/v2\/pages\/39","targetHints":{"allow":["GET"]}}],"collection":[{"href":"https:\/\/www.was-will-ich.at\/index.php?rest_route=\/wp\/v2\/pages"}],"about":[{"href":"https:\/\/www.was-will-ich.at\/index.php?rest_route=\/wp\/v2\/types\/page"}],"author":[{"embeddable":true,"href":"https:\/\/www.was-will-ich.at\/index.php?rest_route=\/wp\/v2\/users\/1"}],"replies":[{"embeddable":true,"href":"https:\/\/www.was-will-ich.at\/index.php?rest_route=%2Fwp%2Fv2%2Fcomments&post=39"}],"version-history":[{"count":40,"href":"https:\/\/www.was-will-ich.at\/index.php?rest_route=\/wp\/v2\/pages\/39\/revisions"}],"predecessor-version":[{"id":693,"href":"https:\/\/www.was-will-ich.at\/index.php?rest_route=\/wp\/v2\/pages\/39\/revisions\/693"}],"wp:attachment":[{"href":"https:\/\/www.was-will-ich.at\/index.php?rest_route=%2Fwp%2Fv2%2Fmedia&parent=39"}],"curies":[{"name":"wp","href":"https:\/\/api.w.org\/{rel}","templated":true}]}}